of 8114?
1
What is the ten thousands digit of 10382?
1
What is the ten thousands digit of 42524?
4
What is the hundreds digit of 23371?
3
What is the hundreds digit of 5490?
4
What is the units digit of 41489?
9
What is the hundreds digit of 17479?
4
What is the thousands digit of 7254?
7
What is the ten thousands digit of 31764?
3
What is the ten thousands digit of 49560?
4
What is the tens digit of 31864?
6
What is the hundreds digit of 3718?
7
What is the hundreds digit of 12198?
1
What is the tens digit of 531?
3
What is the units digit of 435?
5
What is the units digit of 8412?
2
What is the thousands digit of 86141?
6
What is the thousands digit of 6016?
6
What is the units digit of 851?
1
What is the hundreds digit of 44154?
1
What is the units digit of 475?
5
What is the thousands digit of 2370?
2
What is the units digit of 944?
4
What is the tens digit of 3277?
7
What is the tens digit of 7256?
5
What is the tens digit of 6242?
4
What is the ten thousands digit of 32359?
3
What is the units digit of 854?
4
What is the units digit of 54476?
6
What is the hundreds digit of 18760?
7
What is the tens digit of 2789?
8
What is the units digit of 478?
8
What is the ten thousands digit of 27430?
2
What is the units digit of 93570?
0
What is the hundreds digit of 35316?
3
What is the tens digit of 820?
2
What is the ten thousands digit of 74655?
7
What is the hundreds digit of 7093?
0
What is the thousands digit of 2612?
2
What is the thousands digit of 44305?
4
What is the units digit of 1868?
8
What is the thousands digit of 5715?
5
What is the tens digit of 5427?
2
What is the tens digit of 494?
9
What is the units digit of 3086?
6
What is the units digit of 1177?
7
What is the hundreds digit of 25677?
6
What is the thousands digit of 2640?
2
What is the thousands digit of 1655?
1
What is the hundreds digit of 46028?
0
What is the units digit of 2613?
3
What is the ten thousands digit of 12983?
1
What is the hundreds digit of 44520?
5
What is the units digit of 1110?
0
What is the thousands digit of 79658?
9
What is the tens digit of 5512?
1
What is the units digit of 1550?
0
What is the units digit of 66264?
4
What is the hundreds digit of 687?
6
What is the thousands digit of 2901?
2
What is the hundreds digit of 20297?
2
What is the tens digit of 107?
0
What is the thousands digit of 4243?
4
What is the ten thousands digit of 10084?
1
What is the thousands digit of 1084?
1
What is the hundreds digit of 3550?
5
What is the units digit of 8676?
6
What is the units digit of 6?
6
What is the thousands digit of 3913?
3
What is the thousands digit of 1207?
1
What is the units digit of 292?
2
What is the hundreds digit of 22489?
4
What is the units digit of 104716?
6
What is the thousands digit of 3356?
3
What is the tens digit of 885?
8
What is the hundred thousands digit of 117106?
1
What is the tens digit of 16697?
9
What is the thousands digit of 1658?
1
What is the hundreds digit of 3755?
7
What is the tens digit of 73?
7
What is the units digit of 9502?
2
What is the units digit of 1083?
3
What is the thousands digit of 2600?
2
What is the tens digit of 12663?
6
What is the hundreds digit of 12247?
2
What is the units digit of 614?
4
What is the tens digit of 45082?
8
What is the hundreds digit of 67113?
1
What is the hundreds digit of 2409?
4
What is the units digit of 987?
7
What is the thousands digit of 1884?
1
What is the units digit of 10499?
9
What is the hundreds digit of 8174?
1
What is the ten thousands digit of 24680?
2
What is the hundreds digit of 3391?
3
What is the hundreds digit of 751?
7
What is the tens digit of 905?
0
What is the units digit of 694?
4
What is the units digit of 1252?
2
What is the thousands digit of 25023?
5
What is the tens digit of 250?
5
What is the hundreds digit of 74501?
5
What is the units digit of 970?
0
What is the tens digit of 516?
1
What is the units digit of 4352?
2
What is the hundred thousands digit of 120908?
1
What is the hundreds digit of 6334?
3
What is the units digit of 1451?
1
What is the thousands digit of 3215?
3
What is the hundreds digit of 758?
7
What is the hundreds digit of 419?
4
What is the tens digit of 38741?
4
What is the tens digit of 239?
3
What is the thousands digit of 14622?
4
What is the units digit of 508?
8
What is the thousands digit of 7945?
7
What is the units digit of 39963?
3
What is the units digit of 8425?
5
What is the units digit of 55?
5
What is the hundreds digit of 2311?
3
What is the thousands digit of 6074?
6
What is the hundreds digit of 228?
2
What is the units digit of 271?
1
What is the thousands digit of 5246?
5
What is the units digit of 60332?
2
What is the hundreds digit of 2152?
1
What is the hundreds digit of 7495?
4
What is the units digit of 22352?
2
What is the hundreds digit of 2396?
3
What is the thousands digit of 3531?
3
What is the units digit of 10486?
6
What is the units digit of 339?
9
What is the thousands digit of 1543?
1
What is the thousands digit of 22151?
2
What is the units digit of 2208?
8
What is the hundreds digit of 338?
3
What is the hundreds digit of 14341?
3
What is the tens digit of 1174?
7
What is the units digit of 332?
2
What is the units digit of 54952?
2
What is the tens digit of 979?
7
What is the thousands digit of 48900?
8
What is the thousands digit of 5462?
5
What is the ten thousands digit of 98403?
9
What is the thousands digit of 41064?
1
What is the hundreds digit of 6332?
3
What is the tens digit of 13438?
3
What is the units digit of 6119?
9
What is the units digit of 19424?
4
What is the ten thousands digit of 24215?
2
What is the units digit of 638?
8
What is the hundreds digit of 7541?
5
What is the tens digit of 153?
5
What is the units digit of 1828?
8
What is the hundreds digit of 514?
5
What is the units digit of 17032?
2
What is the units digit of 3969?
9
What is the hundreds digit of 6864?
8
What is the units digit of 5858?
8
What is the tens digit of 14109?
0
What is the units digit of 11369?
9
What is the thousands digit of 5286?
5
What is the units digit of 6907?
7
What is the hundreds digit of 1813?
8
What is the tens digit of 1103?
0
What is the tens digit of 1296?
9
What is the hundreds digit of 73975?
9
What is the thousands digit of 1552?
1
What is the ten thousands digit of 35731?
3
What is the units digit of 1141?
1
What is the hundreds digit of 9262?
2
What is the thousands digit of 20137?
0
What is the units digit of 53?
3
What is the tens digit of 3554?
5
What is the units digit of 81764?
4
What is the tens digit of 7055?
5
What is the hundreds digit of 20413?
4
What is the hundreds digit of 44968?
9
What is the units digit of 109792?
2
What is the thousands digit of 1722?
1
What is the tens digit of 140?
4
What is the hundreds digit of 5100?
1
What is the ten thousands digit of 62271?
6
What is the units digit of 6601?
1
What is the units digit of 1166?
6
What is the tens digit of 700?
0
What is the tens digit of 21268?
6
What is the hundreds digit of 123?
1
What is the tens digit of 785?
8
What is the hundreds digit of 60709?
7
What is the hundreds digit of 42806?
8
What is the units digit of 5829?
9
What is the hundreds digit of 2299?
2
What is the tens digit of 4238?
3
What is the thousands digit of 1277?
1
What is the tens digit of 28128?
2
What is the units digit of 1699?
9
What is the tens digit of 640?
4
What is the tens digit of 14379?
7
What is the hundreds digit of 22536?
5
What is the tens digit of 1048?
4
What is the thousands digit of 2908?
2
What is the tens digit of 1054?
5
What is the units digit of 212?
2
What is the thousands digit of 2135?
2
What is the thousands digit of 152365?
2
What is the tens digit of 3543?
4
What is the thousands digit of 11172?
1
What is the hundreds digit of 19378?
3
What is the hundreds digit of 10989?
9
What is the units digit of 209?
9
What is the ten thousands digit of 26129?
2
What is the tens digit of 1729?
2
What is the tens digit of 202?
0
What is the hundreds digit of 5468?
4
What is the tens digit of 13892?
9
What is the tens digit of 3362?
6
What is the units digit of 41264?
4
What is the thousands digit of 12992?
2
What is the tens digit of 886?
8
What is the thousands digit of 1154?
1
What is the tens digit of 15